 + -9 + -2?
-3
Calculate 1 + (12 - 8) + (-2 - 1).
2
Evaluate -1 - (0 + 0 - (16 + -12)).
3
What is the value of 2 + -2 + -8 + -9 + 8?
-9
-4 - (-2 - (-4 - (-8 + 4)))
-2
Calculate 1 + -4 + -1 - -6.
2
Evaluate 1 + 4 + (-1 - -1).
5
What is the value of 16 - (16 - (6 + 4))?
10
Calculate (12 - 5 - 4) + 2 + -1.
4
Evaluate 5 + -8 + (1 - (-1 + -1)).
0
What is (-6 - 0) + (-4 - -3) - -5?
-2
What is the value of 0 + 3 + -12 + 7?
-2
What is the value of -18 - (-21 - (0 - 12))?
-9
What is 3 - (-9 + 2 + 5 + 2)?
3
What is -4 + 4 - -2 - 9?
-7
Calculate -3 + -4 - (-4 - 2 - -2).
-3
Calculate (6 - 5) + 3 - 7.
-3
Calculate -2 + 1 + -3 + 11 + -3.
4
What is 15 - 8 - (-2 + (6 - 2))?
5
9 + -15 - -12 - (0 - -2)
4
Evaluate 42 - 36 - (1 + 0).
5
What is the value of 5 + (3 - ((0 - -5) + 4))?
-1
7 + 0 + (5 - (11 + -1))
2
Evaluate (3 - 9) + 0 + 47 + -44.
-3
(-5 - 6) + -4 + 12
-3
What is the value of (2 + 1 - 3) + 0?
0
Calculate 5 + 1 + 4 + -5.
5
What is the value of 10 - 15 - (-3 + 2 - 4)?
0
-1 + 1 - (-3 - (-10 - -3))
-4
Calculate 11 - 5 - 8 - (0 - -4).
-6
What is the value of -2 - -7 - (-3 - -12)?
-4
What is (7 - 11 - -4) + (-1 - -2)?
1
What is 2 + (-5 - -5 - 1) + 2?
3
What is (9 - (-11 - -9)) + -5?
6
Calculate 1 - (-1 + 6) - -1 - -8.
5
Evaluate 0 + 1 + 0 - (-1 - -5).
-3
Evaluate -8 - (-2 - (-4 + 8)).
-2
Evaluate 3 - ((2 + -3 - 2) + 6).
0
Calculate -2 - (1 - 7 - (-3 - -1)).
2
What is the value of -8 + (1 + -1 + 4 - 0)?
-4
What is the value of -56 + 64 - (0 - -10)?
-2
Calculate 18 + -11 + -3 + -8.
-4
Calculate 7 - (0 - (9 + -4) - -6).
6
0 - -14 - 15 - (1 + 0)
-2
Evaluate (-8 - (-2 - 0)) + 2.
-4
What is the value of 2 + 4 + -4 - (0 + -4)?
6
What is the value of -6 - (-2 - (-3 - -3))?
-4
What is the value of 0 + 4 - (1 + (-7 - -8))?
2
Evaluate (-1 + -7 - -14) + -4.
2
Evaluate -1 + -1 - (-14 - 4) - 8.
8
Calculate (4 + -16 - -9) + 5.
2
Evaluate 3 - (-2 + 3 - -2).
0
Evaluate -1 + 2 - ((1 - -3) + -1).
-2
What is -3 - (-4 - -7) - -11?
5
What is 0 - (-1 + -5) - 5?
1
(-2 - -1) + 0 - 4
-5
What is the value of 2 + (-6 - (-5 + 4))?
-3
Evaluate 6 + -5 - (-1 + 4).
-2
What is -7 + (3 - 7) + (3 - -6)?
-2
Calculate -73 - -85 - (10 - -1).
1
Evaluate (31 - 38) + (3 - (1 + -1)).
-4
What is 0 - (-5 + 14 + -4)?
-5
What is the value of -7 - (6 - 5) - (-4 + -14)?
10
What is the value of -1 + 2 + (-5 - -2) + 2?
0
Evaluate 0 - (0 - (-1 + 1) - 4).
4
-3 - (0 - (0 - 0 - -1))
-2
What is the value of -2 + -2 + 3 + -4 - -2?
-3
What is the value of -21 - -25 - (-4 + 2 - 0)?
6
Calculate 2 - (-2 + -1 + 1).
4
What is the value of -5 - -1 - -4 - -3?
3
(12 - 8 - 2) + 1
3
Calculate 2 - 0 - (-14 - (-19 - -10)).
7
What is the value of 8 + -9 + -8 - -5?
-4
What is the value of -7 + (17 - 8) - (-6 - -1)?
7
What is the value of -10 - (5 + (7 - 16))?
-6
Calculate 2 + -10 + -5 + 9.
-4
What is the value of 2 - (1 + -8 + 15)?
-6
What is the value of -7 + 5 - -3 - -1 - 3?
-1
Calculate 1 + -3 + -5 - -3.
-4
Calculate -6 - (-3 + 6 + -7).
-2
What is 2 + 0 + 1 + -34 + 33?
2
Calculate -1 + -1 + -2 + 4.
0
8 - (2 - (-1 - (4 + -4)))
5
What is the value of 2 - (3 - (2 + -5))?
-4
What is -4 - (4 + -9) - 0 - 1?
0
Evaluate 0 + 9 + -5 + -1.
3
Calculate 8 - (2 - 0) - 4.
2
Evaluate (-9 - -16 - 10) + -1 + -2.
-6
What is -2 - -1 - (-4 + 3 + -1)?
1
Calculate -7 - (-7 + 2 - 5).
3
What is 2 + -2 - (4 - 2)?
-2
What is the value of 4 + (-4 - 1) - 1?
-2
Calculate 0 - (3 - (-6 - -4)).
-5
What is the value of 89 - 82 - (2 + 13)?
-8
What is -5 + -4 + 9 + 2 + 1?
3
What is 0 - (2 + -4) - (0 - 0)?
2
What is 8 - 1 - (2 + 3)?
2
Calculate -1 - (4 - (-3 + 8)).
0
Evaluate -5 + (-2 - (-5 + 1 - 8)).
5
(9 - 7) + -1 + 3 + 0
4
What is the value of 4 + (-11 + 1 - -13)?
7
What is (-1 - (-6 + -1)) + 1 + -3?
4
Evaluate -4 - (0 - 1) - (-19 + 16).
0
Evaluate -3 - (7 + (-17 - 3 - -5)).
5
Evaluate (3 - (-2 + 10)) + (2 - 0).
-3
What is -7 + 5 + -2 + -1?
-5
(2 - 4) + (2 - 0 - -2)
2
Calculate -5 + (16 - 10 - (3 + 0)).
-2
7 - (0 + 2 + (-3 - -5))
3
1 + -2 + 1 + 3 + -2
1
What is the value of (-5 - (-7 - -6)) + (9 - 2)?
3
Calculate -6 + -1 + (24 - 13).
4
Calculate -2 + 4 + (-4 - -9) + -2.
5
-9 - ((-4 - 0) + -10)
5
-6 - ((-5 - -2) + -3 - -2)
-2
Calculate 1 + (8 - 1) + -8.
0
6 + -2 + 8 + -12
0
Evaluate 5 - (2 + -1) - (-7 - -14).
-3
-5 - (-5 + (4 - 1))
-3
(19 - 18) + 2 + -1
2
Evaluate -1 - (-7 + -7 + 9).
4
Calculate -6 + (-6 - -15) + -1 + -4.
-2
What is the value of 1 + -4 - (0 - -1)?
-4
Calculate 7 + (-4 - -1 - 4) + 5.
5
Calculate 5 - (6 + -7) - 2.
4
What is the value of -6 + (1 - (-2 - 8))?
5
Evaluate -1 + 6 + -4 + -1.
0
What is the value of 3 - 9 - (1 - 16 - -6)?
3
What is 3 + -4 + 3 - 6 - -8?
4
-4 + 6 + -4 + 0 + -3
-5
What is the value of -5 + 2 + (8 - 5)?
0
Evaluate -7 + 5 + 6 - 2.
2
Evaluate 1 + (-10 - -5) + 2 + -1.
-3
What is the value of -5 - (-7 + 3) - 1?
-2
Calculate 1 + 0 - 0 - (1 + -2).
2
What is 0 + 5 + (13 - 7 - 9)?
2
Calculate 14 + -6 + -15 - (1 + -3).
-5
What is -1 + (-3 - (-10 - -1))?
5
What is the value of -5 + 4 + -3 + -3 + 4?
-3
What is the value of (1 - 0) + (0 - (1 - 3))?
3
What is the value of (4 - (6 - (-3 + 5))) + 1?
1
Evaluate 1 - (0 - 3) - (-5 - -4).
5
What is the value of -1 + 1 + -1 + 2 + -4?
-3
Calculate (15 - -6 - 8) + -7.
6
1 + 14 + (0 - 7) + 1
9
Calculate 8 - (-4 - (-5 + 4 + -3)).
8
-4 + (3 - 0) + 0 + -2
-3
What is 5 + (5 + -10 - 3) + -2?
-5
What is the value of -3 + (2 - 10) + 9?
-2
-6 + 2 - (-1 + (2 - 0))
-5
Calculate -1 + (-3 - (-6 + 0 + 1)).
1
Calculate (-1 - -2) + (7 - 3).
5
What is the value of 6 + -2 - (9 + -7) - 6?
-4
What is (8 - 8) + 8 - 7 - -4?
5
12 + -14 + -1 + -1 + 1
-3
10 + (2 - -5 - 6 - 3)
8
What is the value of (-23 - -22) + 5 + -1?
3
What is (-6 - -8) + 3 + -10?
-5
1 + -3 + (-12 - (-34 + 20))
0
Evaluate (4 + -7 - -10) + -5.
2
What is 5 - (-1 - (1 + -9))?
-2
What is -5 + 3 + -1 + (2 - 3)?
-4
-5 + 3 + (4 - 3)
-1
What is (-13 + -3 - -16) + -1 + -2?
-3
1 + -3 + (-11 - -11)
-2
What is the value of (-6 - (-4 - -2)) + 0?
-4
Evaluate (8 + -13 + 6 - 1) + -9.
-9
-1 + -5 + 3 - (-4 - 0)
1
Evaluate -1 + -2 + 0 - -2.
-1
Evaluate -2 - (3 - 15) - 7.
3
What is the value of 12 + -12 + 8 + -2?
6
11 + -2 + -6 + 2
5
2 + (-3 - (-2 - (-9 + 1)))
-7
What is -2 + (-2 - ((-9 - -5) + 4))?
-4
-1 + 6 + 1 + -3
3
What is the value of -2 - (-7 - 1) - (45 + -45)?
6
5 - (8 + -6 + -1)
4
Calculate 4 - ((2 - 4) + 4) - 0.
2
What is -5 - ((5 - 16) + 3)?
3
(-1 - -3) + 0 + 9 + -11
0
What is 4 + 0 - (1 - (-1 - 1))?
1
-1 + (0 + -5 - -1)
-5
Evaluate 140 + -134 - (1 + 0 + -2).
7
-1 + 1 + (-4 + 3 - 3)
-4
Evaluate 4 + 0 + -5 + 1 + 1.
1
Evaluate -1 + 8 + -3 - (-3 + 6).
1
Calculate (11 - (-2 + 0)) + -29 + 22.
6
Calculate 0 + (-8 + 18 - 4).
6
What is the value of (8 + -5 - (2 + 7)) + 9?
3
What is the value of 10 + -1 + -4 + -9?
-4
What is -8 - (-6 - (10 - 6))?
2
0 + (2 - (4 - 6))
4
What is 0 + 1 + -3 - (-15 - -11)?
2
-34 + 33 + (1 - 0 - 3)
-3
Evaluate (1 + 1 - 7) + 4 - 2.
-3
What is -2 + (-4 - 0) + 6?
0
Evaluate 4 - (-5 - (-5 - -5 - 5)).
4
Evaluate 4 - (11 - 4 - -7).
-10
-6 + 0 + 2 - (3 - 4)
-3
Evaluate -3 - 0 - -2 - -3.
2
Calculate -2 - ((-7 - -4) + 1).
0
What is the value of (-2 + 0 - (1 + -4)) + 1?
2
What is the value of -2 + (3 - 2) + (5 - 5)?
-1
Evaluate -4 - (-7 + 2 + 3 - 3).
1
Evaluate 0 + -5 - (-6 + (5 - 3)).
-1
What is 2 + 1 - (12 - 9 - 5)?
5
Calculate -6 + 3 + (-4 + -3 - -15).
5
What is (3 - 1) + 8 + 4 + -7?
7
What is the value of (-1 - 3) + -3 - -3?
-4
Evaluate -18 + 30 + -8 + -1.
3
What is the value of -5 + (2 - -4) + -3?
-2
Evaluate -12 + 16 - (0 + 6) - 2.
-4
What is the value of -189 + 188 - (-9 - -1)?
7
What is -4 + 5 + -7 - -2?
-4
-7 - (-5 - -1) - 3 - 1
-7
What is the value of 2 - (2 + -1 + 6)?
-5
What is -1 - (-4 + 0 + -3 + 4)?
2
Calculate 4 + -3 + 4 + -7 - 0.
-2
2 + (0 - (6 - 0)) - -3
-1
Calculate (0 - 0) + 0 + 3 + 0.
3
Calculate 3 - (-2 + 6) - -5.
4
Calculate 5 + -6 + (4 - 2).
1
Evaluate 0 + -1 - -4 - (7 - 3).
-1
What is (-8 - -4) + (2 - -1)?
-1
What is the value of 2 + (-2 - (4 - 8)) - -1?
5
Calculate -2 + 0 + (-3 - -5).
0
Calculate (-14 - -15) + 2 + 5.
8
Evaluate -2 - -1 - (-3 - -4).
-2
Evaluate 0 + (1 + -8 - (13 + -17)).
-3
Evaluate 1 + 0 - (-14 - (-8 - 13)).
-6
Evaluate 0 + -4 - (-6 + -10 + 5).
7
Calculate 3 + (-7 - 3) + -14 + 19.
-2
What is 4 - (-4 + -1 + (1 - -3))?
5
What is the value of 5 + -8 + 0 + 3 - 1?
-1
What is the value of 4 + 4 - (0 - (-5 + 0